{"id":33,"date":"2022-03-14T14:22:01","date_gmt":"2022-03-14T13:22:01","guid":{"rendered":"https:\/\/kgv-flora1-dresden.de\/schwarzergarten\/one-page-express\/"},"modified":"2023-11-08T21:22:51","modified_gmt":"2023-11-08T20:22:51","slug":"one-page-express","status":"publish","type":"page","link":"https:\/\/kgv-flora1-dresden.de\/schwarzergarten\/","title":{"rendered":"Front Page"},"content":{"rendered":"<div id=\"about-1\" class=\"about-big-images-section\" style=\"background-color: #f6f6f6;\" data-label=\"About\" data-id=\"about-big-images-section\" data-category=\"about\">\n<div class=\"gridContainer\">\n<div class=\"about-big-images-textrow\">\n<div class=\"about-big-images-textcol dynamic-color\" data-type=\"column\">\n<h5 class=\"\">GEMEINSCHAFTSPROJEKT<\/h5>\n<h3 class=\"\">Kohlenstoff der Atmosph\u00e4re entziehen und im eigenen Garten speichern \u2013 <span class=\"span25\">wie geht das?<\/span><\/h3>\n<p class=\"\">Wir zeigen, wie das funktionieren kann: in unserem \u00f6ffentlichen Parcours im Schwarzen Garten und auf dieser Website \u2013 viel Spa\u00df beim Erkunden!<\/p>\n\n<\/div>\n<\/div>\n<\/div>\n<div class=\"about-big-images-bottomrow\">\n<div class=\"about-big-images-leftimgcol\"><img decoding=\"async\" class=\"about-big-images-leftimg\" src=\"https:\/\/kgv-flora1-dresden.de\/schwarzergarten\/wp-content\/uploads\/2022\/08\/IMG_3275-scaled.jpg\" alt=\"\" \/><\/div>\n<div class=\"about-big-images-centerimgcol\"><img decoding=\"async\" class=\"about-big-images-centerimg\" src=\"https:\/\/kgv-flora1-dresden.de\/schwarzergarten\/wp-content\/uploads\/2022\/07\/IMG_3332-scaled.jpg\" alt=\"\" \/><\/div>\n<div class=\"about-big-images-rightimgcol\"><img decoding=\"async\" class=\"about-big-images-rightimg\" src=\"https:\/\/kgv-flora1-dresden.de\/schwarzergarten\/wp-content\/uploads\/2022\/07\/IMG_3343-1-scaled.jpg\" alt=\"\" \/><\/div>\n<\/div>\n<\/div>\n<div id=\"features-5\" class=\"features-small-icon-cards-section\" style=\"background-color: #f6f6f6;\" data-label=\"Features\" data-id=\"features-small-icon-cards-section\" data-category=\"features\">\n<div class=\"gridContainer\">\n<div class=\"features-small-icon-cards-textrow\">\n<div class=\"features-small-icon-cards-textcol dynamic-color\" data-type=\"column\">\n<h2 class=\"\">Veranstaltungen Saison 2023<\/h2>\n<\/div>\n<\/div>\n<div class=\"features-small-icon-cards-featuresrow dark-text\" data-type=\"row\">\n<div class=\"features-small-icon-cards-featcol\">\n<div class=\"features-small-icon-cards-featinnerrow\">\n<div class=\"features-small-icon-cards-iconcol\"><\/div>\n<div class=\"features-small-icon-cards-feattextcol\" data-type=\"column\">\n<h4 class=\"\">Dear Future Festival Workshop<\/h4>\n<p class=\"\">10. Mai (Mittwoch), 17-19.00 Uhr<\/p>\n<p class=\"uk-margin-remove-top uk-margin-remove-bottom uk-light uk-h1\">Wie kann Klimag\u00e4rtnern im Kleingarten heute aussehen? Wir freuen uns, zum 2. Mal im Rahmen dieses Festivals einen Workshop zur <span class=\"uk-text-bold\">klimaneutralen Version des Lagerfeuers anzubieten \u2013 <\/span>Kohlenstoffspeicherung mit Kontiki. Diesmal mit den Referent*innen Horst Wagner (Terra Anima) und Anne (TU Dresden)<\/p>\nmit BBQ \u00fcber dem Garten-Kontiki\n\n<img decoding=\"async\" class=\"custom-image\" src=\"https:\/\/kgv-flora1-dresden.de\/schwarzergarten\/wp-content\/uploads\/2023\/04\/social_media_1080x1080px_1.jpg\" alt=\"\" \/>\n<a class=\"\" href=\"https:\/\/dearfuturedresden.de\" target=\"_blank\" rel=\"noopener\" data-wplink-edit=\"true\">Website des Dear Future Festivals<\/a>\n\n<\/div>\n<\/div>\n<\/div>\n<div class=\"features-small-icon-cards-featcol\">\n<div class=\"features-small-icon-cards-featinnerrow\">\n<div class=\"features-small-icon-cards-iconcol\"><\/div>\n<div class=\"features-small-icon-cards-feattextcol\" data-type=\"column\">\n<h4 class=\"\">Pflanzenkohle herstellen<\/h4>\n<p class=\"\">25.<em>NOVEMBER\u00a0\u00a0 <\/em>14.00 -17.00 Uhr<\/p>\n<p class=\"\">Workshop zur Pflanzenkohle-Herstellung im Garten-Kontiki<\/p>\n<p class=\"\">Ansprechperson: Anne<\/p>\n\n<\/div>\n<\/div>\n<\/div>\n<div class=\"features-small-icon-cards-featcol\">\n<div class=\"features-small-icon-cards-featinnerrow\">\n<div class=\"features-small-icon-cards-iconcol\"><\/div>\n<div class=\"features-small-icon-cards-feattextcol\" data-type=\"column\">\n<h4 class=\"\">Fermentieren &amp; letzte Ernte<\/h4>\n<p class=\"\">21.Okt. (Samstag) 15-17.00 Uhr<\/p>\n<p class=\"\">Ihr lernt, wie Sauerkraut und Kimchi angesetzt werden. Bitte ein scharfes Messer, einen Kartoffel-\/Krautstampfer, die gew\u00fcnschten Gew\u00fcrze und ein geeignetes Gef\u00e4\u00df mitbringen. An diesem Tag beernten wir auch die Beete, bevor der Winter Einzug h\u00e4lt.<\/p>\n<p class=\"\">Ansprechperson: Heike<\/p>\n\n<\/div>\n<\/div>\n<\/div>\n<div class=\"features-small-icon-cards-featcol\">\n<div class=\"features-small-icon-cards-featinnerrow\">\n<div class=\"features-small-icon-cards-iconcol\"><\/div>\n<div class=\"features-small-icon-cards-feattextcol\" data-type=\"column\">\n<h4 class=\"\">**NEU**\n\nnachhaltiges G\u00e4rtnern_ Kohlenstoffkreisl\u00e4ufe schlie\u00dfen<\/h4>\n<p class=\"\">Sa 25.11.2023, 13:00 \u2013 17:00 Uhr<\/p>\n<p class=\"uk-margin-remove-top uk-margin-remove-bottom uk-light uk-h1\">Ein wissenschaftlicher Vortrag in den R\u00e4umlichkeiten der Technischen Sammlungen Dresden f\u00fchrt ein ins Thema Pflanzenkohle und in die Bodenverbesserung mittels dieser alten Kulturtechnik.\n\nAnschlie\u00dfend geht es in den Schwarzen Garten um Pflanzenkohle herzustellen.<\/p>\n<p class=\"\">Ort:\nTechnische Sammlungen Dresden\nMuseum f\u00fcr Wissenschaft und Technik\nJunghansstra\u00dfe 1 \u2013 3 (Eingang Schandauer Stra\u00dfe)<\/p>\n\n<\/div>\n<\/div>\n<\/div>\n<\/div>\n<\/div>\n<\/div>\n<div id=\"content-1\" class=\"content-full-left-image-section\" style=\"background-color: #f6f6f6;\" data-label=\"Content\" data-id=\"content-full-left-image-section\" data-category=\"content\">\n<div class=\"content-full-left-image-innerrow gridContainer\">\n<div class=\"content-full-left-image-imgcol\" style=\"background-image: url('https:\/\/kgv-flora1-dresden.de\/schwarzergarten\/wp-content\/uploads\/2022\/09\/20200725_190635-scaled-e1663761658755.jpg');\" data-bg=\"image\"><\/div>\n<div class=\"content-full-left-image-textcol dynamic-color\">\n<div class=\"\" data-type=\"column\">\n<h5 class=\"\">KURZ ERKL\u00c4RT\u2026<\/h5>\n<p class=\"\">Dies ist die Website des Gemeinschafts-Gartenprojekts des Kleing\u00e4rtnervereins \u201eFlora I\u201c e. V. und anderer Partner.<\/p>\nIm Schwarzen Garten erproben und demonstrieren die G\u00e4rtnernden, wie klimasch\u00e4dlicher Kohlenstoff der Atmosph\u00e4re entzogen, langfristig gespeichert und f\u00fcr die Verbesserung de Bodens genutzt werden kann.\n\nEin Parcours f\u00fchrt zu sechs Stationen, die zeigen, durch welche Arbeitsschritte aus Gartenabf\u00e4llen Pflanzenkohle und Kompost hergestellt, mit N\u00e4hrstoffen und Mikroorganismen beladen und auf den Boden aufgebracht wird.\n\nDie Kleing\u00e4rtner:innen bringen Schnittholz aus ihren G\u00e4rten und erhalten im Tausch die entstandene Pflanzenkohle: ein guter Kreislauf! Der Garten bietet auf diese Weise nicht nur Erholung, gesundes Obst und Gem\u00fcse, sondern wird zu einer doppelt wirksamen Kohlenstoffsenke. Im Humus bleibt der stabile Kohlenstoff der Pflanzenkohle mindestens 100 Jahre gespeichert und erh\u00f6ht zus\u00e4tzlich die Bodenfruchtbarkeit.\n\nWir wollen zum Nachmachen einladen, denn die Klimakrisen-Uhr tickt.\n\n<\/div>\n<div class=\"content-full-left-image-featuresrow\">\n<div class=\"content-full-left-image-featurescol\" data-type=\"column\"><\/div>\n<\/div>\n<\/div>\n<\/div>\n<\/div>\n<div id=\"parcours\" class=\"features-coloured-icon-boxes-section\" style=\"background-color: #ffffff;\" data-label=\"Parcours\" data-id=\"stripped-coloured-icon-boxes\" data-category=\"overlapable\" data-overlap=\"true\">\n<div class=\"\">\n<div class=\"features-coloured-icon-boxes-innerrow flexbox-list dark-text\" data-type=\"row\">\n<div class=\"features-coloured-icon-boxes-featurecol cp2cols\">\n<div class=\"features-coloured-icon-boxes-iconcontainer\" data-content-item-container=\"true\"><\/div>\n<h4 class=\"\">Holzlager<\/h4>\n<p class=\"\">Erfahren Sie mehr \u00fcber die Ausgangsmaterialien und wie Sie sie vorbereiten<\/p>\n<img loading=\"lazy\" decoding=\"async\" class=\"alignnone wp-image-160 size-thumbnail\" src=\"https:\/\/kgv-flora1-dresden.de\/schwarzergarten\/wp-content\/uploads\/2022\/08\/IMG-20220427-WA0003-edited-150x150.jpg\" sizes=\"auto, (max-width: 150px) 100vw, 150px\" srcset=\"https:\/\/kgv-flora1-dresden.de\/schwarzergarten\/wp-content\/uploads\/2022\/08\/IMG-20220427-WA0003-edited-150x150.jpg 150w, https:\/\/kgv-flora1-dresden.de\/schwarzergarten\/wp-content\/uploads\/2022\/08\/IMG-20220427-WA0003-edited-300x300.jpg 300w, https:\/\/kgv-flora1-dresden.de\/schwarzergarten\/wp-content\/uploads\/2022\/08\/IMG-20220427-WA0003-edited-1024x1023.jpg 1024w, https:\/\/kgv-flora1-dresden.de\/schwarzergarten\/wp-content\/uploads\/2022\/08\/IMG-20220427-WA0003-edited-768x767.jpg 768w, https:\/\/kgv-flora1-dresden.de\/schwarzergarten\/wp-content\/uploads\/2022\/08\/IMG-20220427-WA0003-edited.jpg 1080w\" alt=\"\" width=\"150\" height=\"150\" \/>\n<p class=\"\"><a class=\"features-coloured-button\" href=\"https:\/\/kgv-flora1-dresden.de\/schwarzergarten\/thema-1\" target=\"_self\" rel=\"noopener\">mehr\u2026<\/a><\/p>\n\n<\/div>\n<div class=\"features-coloured-icon-boxes-featurecol cp2cols\">\n<div class=\"features-coloured-icon-boxes-iconcontainer\" data-content-item-container=\"true\"><\/div>\n<h4 class=\"\">Pflanzenkohle-Herstellung<\/h4>\n<p class=\"\">Erfahren Sie mehr \u00fcber die Details der Pflanzenkohle-Herstellung<\/p>\n<img loading=\"lazy\" decoding=\"async\" class=\"alignnone size-medium wp-image-135\" src=\"https:\/\/kgv-flora1-dresden.de\/schwarzergarten\/wp-content\/uploads\/2022\/07\/IMG_3341-300x200.jpg\" sizes=\"auto, (max-width: 300px) 100vw, 300px\" srcset=\"https:\/\/kgv-flora1-dresden.de\/schwarzergarten\/wp-content\/uploads\/2022\/07\/IMG_3341-300x200.jpg 300w, https:\/\/kgv-flora1-dresden.de\/schwarzergarten\/wp-content\/uploads\/2022\/07\/IMG_3341-1024x683.jpg 1024w, https:\/\/kgv-flora1-dresden.de\/schwarzergarten\/wp-content\/uploads\/2022\/07\/IMG_3341-768x512.jpg 768w, https:\/\/kgv-flora1-dresden.de\/schwarzergarten\/wp-content\/uploads\/2022\/07\/IMG_3341-1536x1024.jpg 1536w, https:\/\/kgv-flora1-dresden.de\/schwarzergarten\/wp-content\/uploads\/2022\/07\/IMG_3341-2048x1365.jpg 2048w, https:\/\/kgv-flora1-dresden.de\/schwarzergarten\/wp-content\/uploads\/2022\/07\/IMG_3341-1620x1080.jpg 1620w\" alt=\"\" width=\"300\" height=\"200\" \/>\n<p class=\"\"><a class=\"features-coloured-button\" href=\"https:\/\/kgv-flora1-dresden.de\/schwarzergarten\/pyrolyseofen-kohlenstoffspeicherung\" target=\"_self\" rel=\"noopener\">mehr\u2026<\/a><\/p>\n\n<\/div>\n<div class=\"features-coloured-icon-boxes-featurecol cp2cols\">\n<div class=\"features-coloured-icon-boxes-iconcontainer\" data-content-item-container=\"true\"><\/div>\n<h4 class=\"\">Mahlwerk<\/h4>\n<p class=\"\">Erfahren Sie mehr \u00fcber die Weiterverarbeitung der Pflanzenkohle<\/p>\n<img loading=\"lazy\" decoding=\"async\" class=\"alignnone wp-image-340\" src=\"https:\/\/kgv-flora1-dresden.de\/schwarzergarten\/wp-content\/uploads\/2022\/09\/20190501_143728-1-150x150.jpg\" alt=\"\" width=\"150\" height=\"150\" \/>\n<p class=\"\"><a class=\"features-coloured-button\" href=\"https:\/\/kgv-flora1-dresden.de\/schwarzergarten\/mahlwerk\" target=\"_self\" rel=\"noopener\">mehr\u2026<\/a><\/p>\n\n<\/div>\n<div class=\"features-coloured-icon-boxes-featurecol cp2cols\">\n<div class=\"features-coloured-icon-boxes-iconcontainer\" data-content-item-container=\"true\"><\/div>\n<h4 class=\"\">Kompost<\/h4>\n<p class=\"\">Erfahren Sie mehr \u00fcber den idealen Kompost, der ganz nebenbei die Pflanzenkohle bel\u00e4dt<\/p>\n<img loading=\"lazy\" decoding=\"async\" class=\"alignnone wp-image-245 size-thumbnail\" src=\"https:\/\/kgv-flora1-dresden.de\/schwarzergarten\/wp-content\/uploads\/2022\/09\/20210815_153109-150x150.jpg\" alt=\"\" width=\"150\" height=\"150\" \/>\n<p class=\"\"><a class=\"features-coloured-button\" href=\"https:\/\/kgv-flora1-dresden.de\/schwarzergarten\/kompost\" target=\"_self\" rel=\"noopener\">mehr\u2026<\/a><\/p>\n\n<\/div>\n<div class=\"features-coloured-icon-boxes-featurecol cp2cols\">\n<div class=\"features-coloured-icon-boxes-iconcontainer\" data-content-item-container=\"true\"><\/div>\n<h4 class=\"\">Fl\u00fcssigd\u00fcnger<\/h4>\n<p class=\"\">Erfahren Sie mehr \u00fcber den idealen Fl\u00fcssigd\u00fcnger zur Beladung der Pflanzenkohle<\/p>\n<p class=\"\"><a class=\"features-coloured-button\" href=\"https:\/\/kgv-flora1-dresden.de\/schwarzergarten\/beladung-der-pflanzenkohle-durch-fluessigduenger\" target=\"_self\" rel=\"noopener\">mehr\u2026<\/a><\/p>\n\n<\/div>\n<div class=\"features-coloured-icon-boxes-featurecol cp2cols\">\n<div class=\"features-coloured-icon-boxes-iconcontainer\" data-content-item-container=\"true\"><\/div>\n<h4 class=\"\">Versuchsbeete<\/h4>\n<p class=\"\">Erfahren Sie mehr \u00fcber die verschiedenen Versuchsbeete<\/p>\n<img loading=\"lazy\" decoding=\"async\" class=\"alignnone wp-image-127 size-thumbnail\" src=\"https:\/\/kgv-flora1-dresden.de\/schwarzergarten\/wp-content\/uploads\/2022\/07\/IMG_3286-150x150.jpg\" alt=\"\" width=\"150\" height=\"150\" \/>\n<p class=\"\"><a class=\"features-coloured-button\" href=\"https:\/\/kgv-flora1-dresden.de\/schwarzergarten\/versuchsbeet\" target=\"_self\" rel=\"noopener\">mehr\u2026<\/a><\/p>\n\n<\/div>\n<\/div>\n<\/div>\n<\/div>\n<div id=\"about-3\" class=\"about-images-right-section\" style=\"background-color: #f6f6f6;\" data-label=\"About\" data-id=\"about-images-right-section\" data-category=\"about\">\n<div class=\"gridContainer dynamic-color\">\n<div class=\"about-images-right-innerrow dynamic-color\">\n<div class=\"about-images-right-textcol\" data-type=\"column\">\n<h2 class=\"about-images-right-bigtitle\">Wo ist der\n<span class=\"span24\">Schwarze Garten<\/span> zu finden?<\/h2>\n<h5 class=\"\">STANDORT<\/h5>\n<p class=\"\">Im KGV \u201eFlora I\u201c e. V., Bergmannstr. 39 in 01309 Dresden.<\/p>\nDie Anlage ist bekannt durch den Biergarten El Horst und die Aktivit\u00e4ten des Kunsthauses Dresden.\n\nDer Schwarze Garten befindet sich auf dem Rosenweg, Parzelle 65, bzw. gegen\u00fcber der Wormser Str. 67.\n\n<a class=\"\" href=\"https:\/\/www.google.at\/maps\/place\/51%C2%B002'41.0%22N+13%C2%B047'28.7%22E\/@51.0448182,13.7909844,20.13z\/data=!4m14!1m7!3m6!1s0x4709c89c9e0b083b:0xeeb0e41279421ef3!2sBlasewitz,+Dresden!3b1!8m2!3d51.042873!4d13.7953974!3m5!1s0x0:0xd5d3d1ea290c152d!7e2!8m2!3d51.0447286!4d13.7913076\" target=\"_self\" rel=\"noopener\">Google Maps Standort <\/a>\n<h5 class=\"\">\u00d6FFNUNGSZEITEN<\/h5>\n<p class=\"\">Immer wenn das Tor der Anlage ge\u00f6ffnet ist.<\/p>\n\n<\/div>\n<div class=\"about-images-right-imgcol\"><img decoding=\"async\" class=\"about-images-right-topimg\" src=\"https:\/\/kgv-flora1-dresden.de\/schwarzergarten\/wp-content\/uploads\/2022\/07\/IMG_3316-scaled.jpg\" alt=\"\" \/><img decoding=\"async\" class=\"about-images-right-rightimg\" src=\"https:\/\/kgv-flora1-dresden.de\/schwarzergarten\/wp-content\/uploads\/2022\/09\/20190501_172529-scaled.jpg\" alt=\"\" \/><img decoding=\"async\" class=\"about-images-right-leftimg\" src=\"https:\/\/kgv-flora1-dresden.de\/schwarzergarten\/wp-content\/uploads\/2022\/09\/20200728_170924-scaled-e1663830947311.jpg\" alt=\"\" \/><\/div>\n<\/div>\n<\/div>\n<\/div>\n<div id=\"team-1\" class=\"team-colors-section\" style=\"background-color: #ffffff;\" data-label=\"Team\" data-id=\"team-colors-section\" data-category=\"team\">\n<div class=\"gridContainer\">\n<div class=\"team-colors-textcol dynamic-color\">\n<h2>Initiator*innen<\/h2>\n<p class=\"\">Hier erhalten Sie Einblick, welche Menschen und Organisationen hinter dem Schwarzen Garten stehen:<\/p>\n\n<\/div>\n<div class=\"team-colors-membersrow dark-text\" data-type=\"row\">\n<div class=\"team-colors-membercol cp6cols-tablet cp3cols\">\n<div class=\"team-colors-membercard\">\n<div class=\"team-colors-memberinfo\" data-type=\"column\"><img decoding=\"async\" class=\"custom-image\" src=\"https:\/\/kgv-flora1-dresden.de\/schwarzergarten\/wp-content\/uploads\/2022\/09\/SG_KGV_Logo_Kreis.jpeg\" alt=\"\" \/>\n<h4 class=\"\">Kleing\u00e4rtnerverein \u201eFlora I\u201c e. V.<\/h4>\n<p class=\"\">Der Kleingartenverein \u201eFlora I\u201c e. V. wurde als Tr\u00e4gerverein ausgew\u00e4hlt, da sich die Parzelle des Schwarzen Gartens mitten in der Kleingartenanlage des Vereins befindet. Die Vorst\u00e4nd*innen und Mitglieder*innen pflegen den Garten und unterst\u00fctzen die \u00d6ffentlichkeitsarbeit.<\/p>\n<a class=\"\" href=\"https:\/\/kgv-flora1-dresden.de\" target=\"_blank\" rel=\"noopener\">Zur Webseite des Vereins<\/a>\n<p class=\"\"><\/p>\n\n<\/div>\n<\/div>\n<\/div>\n<div class=\"team-colors-membercol cp6cols-tablet cp3cols\">\n<div class=\"team-colors-membercard\">\n<div class=\"team-colors-memberinfo\" data-type=\"column\"><img decoding=\"async\" class=\"custom-image\" src=\"https:\/\/kgv-flora1-dresden.de\/schwarzergarten\/wp-content\/uploads\/2022\/09\/SG_TSD_Logo_1.jpeg\" alt=\"\" \/>\n<h4 class=\"\">Technische Sammlungen Dresden<\/h4>\n<p class=\"\">Mitinitiator des Schwarzen Gartens ist Roland Schwarz, der ebenso die Leitung der Technischen Sammlungen Dresden bekleidet. Er bringt seine Erfahrung mit Ausstellungsdesign und Wissenschaftskommunikation ein. Roland ist auch h\u00e4ufig am Wochenende g\u00e4rtnernd anzutreffen<\/p>\n<a class=\"\" href=\"https:\/\/www.tsd.de\/de\/mm\" target=\"_blank\" rel=\"noopener\">Zur Webseite der TSD<\/a>\n<p class=\"\"><\/p>\n\n<\/div>\n<\/div>\n<\/div>\n<div class=\"team-colors-membercol cp6cols-tablet cp3cols\">\n<div class=\"team-colors-membercard\">\n<div class=\"team-colors-memberinfo\" data-type=\"column\"><img decoding=\"async\" class=\"custom-image\" src=\"https:\/\/kgv-flora1-dresden.de\/schwarzergarten\/wp-content\/uploads\/2022\/09\/TUD_Logo.jpeg\" alt=\"\" \/>\n<h4 class=\"\">Technische Universit\u00e4t Dresden<\/h4>\n<p class=\"\">Mitinitiator*innen des Schwarzen Gartens sind Freya Sternkopf und Anne Wahl, welche ebenso zu Pflanzenkohle an der TU Dresden forschen. Sie haben sich zum Ziel gesetzt, die wissenschaftlichen Erkenntnisse zu Pflanzenkohle durch den Parcours und Workshops im Schwarzen Garten zug\u00e4nglich zu machen.<\/p>\n<a class=\"\" href=\"https:\/\/tu-dresden.de\" target=\"_blank\" rel=\"noopener\">Zur Webseite der TUD<\/a>\n<p class=\"\"><\/p>\n\n<\/div>\n<\/div>\n<\/div>\n<div class=\"team-colors-membercol cp6cols-tablet cp3cols\">\n<div class=\"team-colors-membercard\">\n<div class=\"team-colors-memberinfo\" data-type=\"column\"><img decoding=\"async\" class=\"custom-image\" src=\"https:\/\/kgv-flora1-dresden.de\/schwarzergarten\/wp-content\/uploads\/2022\/09\/SG_KHD_Logo_2.jpeg\" alt=\"\" \/>\n<h4 class=\"\">Kunsthaus Dresden<\/h4>\n<p class=\"\">Mitinitiatorin Christiane Mennike-Schwarz hat die Idee f\u00fcr den Schwarzen Garten von Anfang an unterst\u00fctzt und angeregt, eine Parzelle in der Kleingartenanlage \u201eFlora I\u201c zu nutzen. Zur Webseite des Kunsthauses<\/p>\n<a class=\"\" href=\"https:\/\/kunsthausdresden.de\" target=\"_blank\" rel=\"noopener\">Zur Webseite des Kunsthauses<\/a>\n<p class=\"\"><\/p>\n\n<\/div>\n<\/div>\n<\/div>\n<\/div>\n<\/div>\n<\/div>\n<div id=\"overlapable-1\" class=\"stripped-about-four-boxes-section\" style=\"background-color: #ffffff;\" data-label=\"Overlapable\" data-id=\"stripped-about-four-boxes-section\" data-category=\"overlapable\" data-overlap=\"true\">\n<div class=\"gridContainer\">\n<div class=\"about-four-boxes-innerrow flexbox-list\">\n<div class=\"about-four-boxes-imgcol\" style=\"background-image: url('https:\/\/kgv-flora1-dresden.de\/schwarzergarten\/wp-content\/uploads\/2022\/09\/SG_EKUpreis_Logo_4.jpeg');\" data-bg=\"image\"><\/div>\n<div class=\"about-four-boxes-textcol\" data-type=\"column\">\n<h6 class=\"\">Wettbewerb<\/h6>\n<h2 class=\"\">Preisgeld des eku Zukunftspreises 2021<\/h2>\n<p class=\"\">Der Kleing\u00e4rtnerverein \u201eFlora I\u201c e. V. erhielt 2021 im Rahmen des Wettbewerbs \u201eeku Zukunftspreis\u201c ein Preisgeld in H\u00f6he von 15.000 \u20ac zur Entwicklung des Schwarzen Gartens.<\/p>\n\n<\/div>\n<div class=\"about-four-boxes-textcol\" data-type=\"column\">\n<h6 class=\"\">Ein Projekt f\u00fcr Wissenschaftskommunikation<\/h6>\n<h2 class=\"\">F\u00f6rdermittel<\/h2>\n<p class=\"\">Im Rahmen eines TU Dresden Forschungsprojektes<\/p>\n\n<\/div>\n<div class=\"about-four-boxes-imgcol2\" style=\"background-image: url('https:\/\/kgv-flora1-dresden.de\/schwarzergarten\/wp-content\/uploads\/2022\/09\/SG_BMBF_Logo_1-e1663760210127.jpeg');\" data-bg=\"image\"><\/div>\n<\/div>\n<\/div>\n<\/div>\n<div id=\"kontakt\" class=\"contact-section-formsection white-text contact-section\" data-label=\"Kontakt\" data-id=\"contact-section\" data-category=\"contact\" data-bg=\"transparent\">\n<div class=\"gridContainer\">\n<div class=\"row_224\">\n<div class=\"contact-textrow\">\n<div class=\"contact-textcol dynamic-color\">\n<h2 class=\"\">Stelle eine Frage<\/h2>\n<p class=\"white_text\">Schicke gerne eine Nachricht.<\/p>\n\n<\/div>\n<\/div>\n<\/div>\n<div class=\"contact-formcol\" data-content-shortcode=\"one_page_express_contact_form shortcode=&quot;contact-form-7 id=&amp;amp;quot;94&amp;amp;quot; title=&amp;amp;quot;Kontaktformular 1&amp;amp;quot;&quot;\" data-editable=\"true\">\n<div class=\"wpcf7 no-js\" id=\"wpcf7-f94-o1\" lang=\"de-DE\" dir=\"ltr\" data-wpcf7-id=\"94\">\n<div class=\"screen-reader-response\"><p role=\"status\" aria-live=\"polite\" aria-atomic=\"true\"><\/p> <ul><\/ul><\/div>\n<form action=\"\/schwarzergarten\/wp-json\/wp\/v2\/pages\/33#wpcf7-f94-o1\" method=\"post\" class=\"wpcf7-form init\" aria-label=\"Kontaktformular\" novalidate=\"novalidate\" data-status=\"init\">\n<fieldset class=\"hidden-fields-container\"><input type=\"hidden\" name=\"_wpcf7\" value=\"94\" \/><input type=\"hidden\" name=\"_wpcf7_version\" value=\"6.1.5\" \/><input type=\"hidden\" name=\"_wpcf7_locale\" value=\"de_DE_formal\" \/><input type=\"hidden\" name=\"_wpcf7_unit_tag\" value=\"wpcf7-f94-o1\" \/><input type=\"hidden\" name=\"_wpcf7_container_post\" value=\"0\" \/><input type=\"hidden\" name=\"_wpcf7_posted_data_hash\" value=\"\" \/>\n<\/fieldset>\n<p><label> Ihr Name<br \/>\n<span class=\"wpcf7-form-control-wrap\" data-name=\"your-name\"><input size=\"40\" maxlength=\"400\" class=\"wpcf7-form-control wpcf7-text wpcf7-validates-as-required\" aria-required=\"true\" aria-invalid=\"false\" value=\"\" type=\"text\" name=\"your-name\" \/><\/span> <\/label>\n<\/p>\n<p><label> Ihre E-Mail-Adresse<br \/>\n<span class=\"wpcf7-form-control-wrap\" data-name=\"your-email\"><input size=\"40\" maxlength=\"400\" class=\"wpcf7-form-control wpcf7-email wpcf7-validates-as-required wpcf7-text wpcf7-validates-as-email\" aria-required=\"true\" aria-invalid=\"false\" value=\"\" type=\"email\" name=\"your-email\" \/><\/span> <\/label>\n<\/p>\n<p><label> Betreff<br \/>\n<span class=\"wpcf7-form-control-wrap\" data-name=\"your-subject\"><input size=\"40\" maxlength=\"400\" class=\"wpcf7-form-control wpcf7-text wpcf7-validates-as-required\" aria-required=\"true\" aria-invalid=\"false\" value=\"\" type=\"text\" name=\"your-subject\" \/><\/span> <\/label>\n<\/p>\n<p><label> Ihre Nachricht (optional)<br \/>\n<span class=\"wpcf7-form-control-wrap\" data-name=\"your-message\"><textarea cols=\"40\" rows=\"10\" maxlength=\"2000\" class=\"wpcf7-form-control wpcf7-textarea\" aria-invalid=\"false\" name=\"your-message\"><\/textarea><\/span> <\/label>\n<\/p>\n<p><input class=\"wpcf7-form-control wpcf7-submit has-spinner\" type=\"submit\" value=\"Senden\" \/>\n<\/p><div class=\"wpcf7-response-output\" aria-hidden=\"true\"><\/div>\n<\/form>\n<\/div>\n<\/div>\n<\/div>\n<\/div>","protected":false},"excerpt":{"rendered":"<p>GEMEINSCHAFTSPROJEKT Kohlenstoff der Atmosph\u00e4re entziehen und im eigenen Garten speichern \u2013 wie geht das? Wir zeigen, wie das funktionieren kann: in unserem \u00f6ffentlichen Parcours im Schwarzen Garten und auf dieser Website \u2013 viel Spa\u00df beim Erkunden! Veranstaltungen Saison 2023 Dear Future Festival Workshop 10. Mai (Mittwoch), 17-19.00 Uhr Wie kann Klimag\u00e4rtnern im Kleingarten heute aussehen?&hellip; <br \/> <a class=\"button small blue\" href=\"https:\/\/kgv-flora1-dresden.de\/schwarzergarten\/2022\/09\/21\/fortlaufende-geschichte-des-schwarzen-gartens\/\">Weiterlesen<\/a><\/p>\n","protected":false},"author":1,"featured_media":0,"parent":0,"menu_order":0,"comment_status":"closed","ping_status":"closed","template":"","meta":{"footnotes":""},"class_list":["post-33","page","type-page","status-publish","hentry"],"_links":{"self":[{"href":"https:\/\/kgv-flora1-dresden.de\/schwarzergarten\/wp-json\/wp\/v2\/pages\/33","targetHints":{"allow":["GET"]}}],"collection":[{"href":"https:\/\/kgv-flora1-dresden.de\/schwarzergarten\/wp-json\/wp\/v2\/pages"}],"about":[{"href":"https:\/\/kgv-flora1-dresden.de\/schwarzergarten\/wp-json\/wp\/v2\/types\/page"}],"author":[{"embeddable":true,"href":"https:\/\/kgv-flora1-dresden.de\/schwarzergarten\/wp-json\/wp\/v2\/users\/1"}],"replies":[{"embeddable":true,"href":"https:\/\/kgv-flora1-dresden.de\/schwarzergarten\/wp-json\/wp\/v2\/comments?post=33"}],"version-history":[{"count":97,"href":"https:\/\/kgv-flora1-dresden.de\/schwarzergarten\/wp-json\/wp\/v2\/pages\/33\/revisions"}],"predecessor-version":[{"id":479,"href":"https:\/\/kgv-flora1-dresden.de\/schwarzergarten\/wp-json\/wp\/v2\/pages\/33\/revisions\/479"}],"wp:attachment":[{"href":"https:\/\/kgv-flora1-dresden.de\/schwarzergarten\/wp-json\/wp\/v2\/media?parent=33"}],"curies":[{"name":"wp","href":"https:\/\/api.w.org\/{rel}","templated":true}]}}